se 39 = 5*l - 2*l. Suppose -4*f + l = -15. List the prime factors of f.
7
Suppose -56 = -2*d + 3*n, 3*d + 56 = 5*d - 4*n. What are the prime factors of d?
2, 7
Suppose 0*v = -4*v. Suppose -2*x + 20 + 24 = v. List the prime factors of x.
2, 11
Suppose k = 13 + 10. What are the prime factors of k?
23
Let s = 0 + -2. Let h(v) = v**2 + v. What are the prime factors of h(s)?
2
Suppose -3*g = a - 49, -3*g = a - 4*g - 29. List the prime factors of a.
2, 17
What are the prime factors of -4 - (144/14)/(2/(-14))?
2, 17
Let d = -165 - -254. List the prime factors of d.
89
Suppose 3*y + 1 = 2*y. What are the prime factors of (4/(-6) - y)*21?
7
List the prime factors of 31 + (-3 - -4 - -3).
5, 7
Let k(a) = -a**2 - 11*a + 15. Let d be k(-12). Suppose i + 21 = 2*y - 24, 3*y + d*i - 72 = 0. List the prime factors of y.
23
Suppose -5*f = -10 - 0. Suppose 0 = -4*v + 20, -f*r - 5*v + 6 = -15. List the prime factors of ((-1)/2 - r)*6.
3
Let s = 0 + 0. Suppose s*w = -3*w + 132. Suppose -6*p + w = -2*p. List the prime factors of p.
11
Let j(i) = -i**3 + 7*i**2 + 5*i + 4. List the prime factors of j(5).
79
Let h = -1 - -4. Suppose h*f - 5 - 37 = 0. List the prime factors of f.
2, 7
Suppose 3*i - 20 - 19 = 0. List the prime factors of i.
13
Let z = -2 + 6. Suppose 11 + 13 = z*l. List the prime factors of l.
2, 3
Let t(r) = -2*r - 1. Let m(k) = 6*k + 3. Let c(q) = -2*m(q) - 7*t(q). List the prime factors of c(10).
3, 7
Suppose 12*u - 7*u = 1485. What are the prime factors of u?
3, 11
List the prime factors of ((-102)/12)/((-1)/2).
17
Let a be 4 + 1 + (-2 - 1). Suppose 2*g = -a*j + 2 - 82, -2*g + 115 = -3*j. Let q = j + 60. List the prime factors of q.
3, 7
Let s(x) = x**3 + x**2 + 2. Let w be s(0). Let v = w - 0. Suppose 7 + 11 = v*r. What are the prime factors of r?
3
Let n = 6 + 5. Suppose -n*g + 16*g = 230. List the prime factors of g.
2, 23
Let l = -21 + 265. List the prime factors of l.
2, 61
Suppose -5*c - r + 28 = 0, 4*r - 12 = -2*c + 10. Let v = c - 7. List the prime factors of v + 4 - 14*-1.
2
Suppose -4*z + 8 = 0, 26 + 3 = -3*m + 4*z. Let p = m + 11. What are the prime factors of p?
2
Let q(d) be the third derivative of -d**6/120 - d**5/30 - d**4/24 - 2*d**3/3 + 2*d**2. Let j = -7 - -4. List the prime factors of q(j).
2
Suppose -4*s + q - 127 = -7*s, 2*q + 219 = 5*s. What are the prime factors of s?
43
Let d(g) = g - 2. Let y be d(3). Let w = -2 + y. Let n = 7 + w. List the prime factors of n.
2, 3
List the prime factors of 65/3 + 10/(-15).
3, 7
Let i(o) = -54*o + 3. Let r be i(2). Suppose q - 4 = 3*z - 0*q, 5*z + q + 20 = 0. What are the prime factors of (z - -1)*r/14?
3, 5
Let m = 37 - 14. Suppose -2*a + 5*w + 61 = 0, a = -0*a + 4*w + m. List the prime factors of a.
43
Let n(a) = 2*a**3 - 3*a**2 + a - 17. Let o(d) = d**3 - 2*d**2 + d - 8. Let f(c) = -2*n(c) + 5*o(c). Let u be f(4). Let r = u + -3. List the prime factors of r.
3
Suppose h = -3*a + 4*h + 6, -2*a - 5*h + 25 = 0. Suppose -68 + 23 = -a*x. What are the prime factors of x?
3
Suppose 0 = -4*p - 2*y + 18, 4*p - 5*p + 8 = -3*y. Suppose -m - m + k = -2, 8 = p*m - k. List the prime factors of m.
2
Let d(c) = 7*c**2 - 12*c - 12. List the prime factors of d(-4).
2, 37
Let t = -12 + 143. List the prime factors of t.
131
Suppose 0*n + 3980 = 20*n. List the prime factors of n.
199
Suppose -4*c - 25 + 189 = 0. List the prime factors of c.
41
Suppose -2*l - 14 = -8*u + 4*u, -5*l + 40 = 5*u. Let q = 1 + l. Suppose -3*t + 15 = -q*s, t - 3*s = 2*s + 5. List the prime factors of t.
5
Suppose -2*s - 4*l + 92 = 0, -s = -6*s + 4*l + 244. List the prime factors of s.
2, 3
Let j be 27/6*(-2)/(-3). Suppose -2*t + 0*z + 39 = j*z, 0 = 5*z - 15. List the prime factors of t.
3, 5
Suppose 61 = 5*r - z + 13, r + 3*z - 16 = 0. Suppose -2*j + 0 - r = 0, -j = 4*t - 51. Suppose -2*k + t = -k. What are the prime factors of k?
2, 7
Suppose -l = -3*m - 2*l + 10, -m - 2 = -5*l. Suppose -u = n - 21, m*n + 94 = 4*u + 5*n. List the prime factors of u.
2, 13
Suppose -6 = -5*x + s + 2, -5*x = -5*s - 20. Let c(k) = -k - 9. Let i be c(-10). What are the prime factors of 8 - (i + -1 + x)?
7
List the prime factors of (-7)/(21/(-76))*3/2.
2, 19
Let i be (9/(-2))/3*18. Suppose 2*v + 230 = 7*v. Let o = i + v. List the prime factors of o.
19
Let t(h) = 17*h - 18. List the prime factors of t(7).
101
Let c(k) be the second derivative of -k**3/3 + k**2 + 5*k. What are the prime factors of c(-2)?
2, 3
Suppose 2*m - 3*h - 99 = -m, 4*m = -5*h + 150. Let g = 0 - -3. Suppose 2*b + g*b - m = 0. What are the prime factors of b?
7
Let q = -99 + 188. Suppose 46 = 3*s - q. What are the prime factors of s/(-10)*8/(-3)?
2, 3
Let u be 2*((-1)/(-2) - 0). Let x(h) = -2*h + 18. Let w be x(23). What are the prime factors of w/(-2) - (u + -4)?
17
Let f be (-10*1/2)/(-1). Suppose 0*v + 39 = f*x - 2*v, -21 = -2*x - v. What are the prime factors of x?
3
Let a(t) = t - 4. Let k be a(10). Suppose 5*y - 3*j - 67 = 0, -k = 5*j + 14. What are the prime factors of y?
11
Let q be 1*3 + (-5 - -2). Suppose h + q = -5. List the prime factors of (-81)/h - (-3)/(-15).
2
Suppose -2*v = 3*l - 303, 5 = 4*l + l. What are the prime factors of v?
2, 3, 5
Let k = 139 - 94. What are the prime factors of k?
3, 5
Suppose 3 = 4*u - 9, -v - 3 = -3*u. What are the prime factors of v/3 - 70/(-2)?
37
Let j = 36 - 34. What are the prime factors of j?
2
Let v = 196 + 108. What are the prime factors of v?
2, 19
Let i(d) = d**3 + 7*d**2 + 5*d + 5. Let f be -7*1 - (-4 - -2). Let h be i(f). Suppose 3*w - 25 = s, 6*w - 4*s = w + h. What are the prime factors of w?
2, 5
Let i(l) = 21*l + 6. Let u be i(5). Suppose 0 = -5*j + 2*p + u, -3*p - 57 = -3*j - 5*p. List the prime factors of (8/(-12))/((-2)/j).
7
Let d(c) = -c**3 + c + 1. Let y be d(0). Let b be (-1)/(6/(-4) + y). Suppose -g + 54 = b*g - 3*i, 0 = g + i - 12. List the prime factors of g.
3, 5
What are the prime factors of (42/28)/((-6)/(-100))?
5
Suppose -2*g = -v + 42, -109 = -5*v + g + 110. Suppose -3*d = -5*m + 34, -5*m - 3*d + v = -d. What are the prime factors of m?
2
Suppose 44 = j - 0*j. List the prime factors of j.
2, 11
Let r be (-5)/2*130/(-25). Let p = 22 - r. List the prime factors of p.
3
Let d(z) = -z**3 + 3*z**2 + z + 1. Suppose -3*i + 5 + 4 = 0. List the prime factors of d(i).
2
Suppose -5*b = -3*a - 173 + 7, a + 137 = 4*b. List the prime factors of b.
5, 7
Suppose 5 = -2*m + 3*q, 2*m - 19 = -3*m - 3*q. Suppose 3*o = o + 2*c + 36, m*o - 36 = 5*c. Let s = o - 6. What are the prime factors of s?
2, 3
Let i(n) = -n**2 - 8*n - 5. Suppose -1 = m + 3*z, 0*m - z + 9 = -m. Let p be i(m). Let o = p + 1. What are the prime factors of o?
3
Let r(j) = -41*j - 7. Let m be r(-5). Suppose -3*y = 3*y - m. What are the prime factors of y?
3, 11
Let g(n) = 14*n**2 - 13*n + 13. What are the prime factors of g(4)?
5, 37
Suppose -5*m - 6 = -8*m. Suppose 0 = -2*y - 4*a + 66, -m*a = 4*y + y - 125. List the prime factors of y.
23
Suppose 0 = -2*w - 8, 3*x = 6*x - 2*w - 296. What are the prime factors of x?
2, 3
Suppose 116 = 4*j + 2*d, 4*j + 0*d + 5*d = 110. What are the prime factors of j?
2, 3, 5
Let t(x) = x**2 - 9*x + 10. Suppose 0 = 3*r - 5*f - 7 - 12, 0 = -3*r + 4*f + 20. What are the prime factors of t(r)?
2
Suppose 4*l + 1114 + 387 = 5*o, -5*o + 1469 = 4*l. List the prime factors of o.
3, 11
List the prime factors of (4/8)/((-2)/(-436)).
109
Suppose -2*r + 70 = 2*q - 14, r - 51 = -4*q. What are the prime factors of r?
3, 13
Let x(z) = z + 10. Let k be x(-6). Let h(t) = -t**2 - 8*t - 4. Let v be h(-6). Let j = v - k. What are the prime factors of j?
2
Suppose 2*g - 3*g - 4*r + 76 = 0, 0 = -2*g - r + 117. List the prime factors of g.
2, 7
Suppose 0 = -2*v + 7*v - 475. Suppose -5*s = -0 - v. List the prime factors of s.
19
Suppose -4*y + 2*g + g + 1 = 0, -g = -5. Suppose x = y*x - 27. What are the prime factors of (x/2)/((-3)/(-4))?
2, 3
Suppose c - 5 = -3*o, 2*c + 10 + 4 = 2*o. Suppose -i = w - 6, -o*w = -0*w - 5*i + 6. List the prime factors of w.
3
What are the prime factors of ((-2 - 57) + 0)/(-1)?
59
Let t(b) = -b**2 + 5*b - 4. Let l be t(3). Suppose l*p - 3*r = 24, -p + 3*r + 12 = -2*r. Let g(w) = 2*w - 7. List the prime factors of g(p).
17
Let n be (-27)/(-6)*(-6)/(-9). Let t = n - -6. Suppose -5*f + 5*y + 75 = 0, -3*y + t + 6 = 2*f. Wha